 81 - x - p. Determine g(1).
-9
Suppose -51*i - 12 = -57*i. Let b be 200/(-30) - -3 - i/(-3). Let h(v) = 3*v**2 + 2 + v**2 - 2*v - 6*v**2. Give h(b).
-10
Let b(m) = 304*m - 15. Let a(p) = -63*p + 4. Let f(y) = 9*a(y) + 2*b(y). Calculate f(-2).
-76
Let s(w) = w**3 + 5*w**2 - 8*w - 12. Suppose 2*p + 6 = -3*t, t = -128*p + 130*p + 14. Give s(p).
0
Let u(k) be the third derivative of k**6/720 - 59*k**4/24 + 19*k**2 + 2. Let c(z) be the second derivative of u(z). Suppose 0*w = -5*w - 35. Give c(w).
-7
Let v be 16 - -49*20/(-70). Let t(a) be the first derivative of a**3 + 3/2*a**v + 4 + 2*a. Give t(-2).
8
Let y(z) = z**2 + 9*z + 17. Let n = -1034 - -1031. Determine y(n).
-1
Let c = 90 + -91. Let k(v) be the third derivative of 0*v + 6*v**2 - 1/6*v**3 + 0 + 1/2*v**4. Give k(c).
-13
Let f be 6 + 6 + -14 - (-7 - -10). Let t(m) = m**3 + 4*m**2 - 9*m - 23. What is t(f)?
-3
Let r(p) = p**2 - 7*p + 5. Let z = 146 + -229. Let v = 22 + z. Let t = -54 - v. Calculate r(t).
5
Let p be ((-12)/7)/(12/84). Let r be (-931)/(-294) - 10/p. Let a(w) = -w + 1 - 4 + 0*w. Give a(r).
-7
Let x(j) = -10*j**2 - 18*j - 15. Suppose a = -4*l + 14, -4*l - 3*a = -8*l + 6. Let w(p) = 7*p**2 + 17*p + 14. Let y(k) = l*w(k) + 2*x(k). Calculate y(-11).
-32
Let l(h) = h**3 + 6*h**2 + 6*h - 2. Suppose -3*s = t + 1 - 12, 0 = 2*s - 5*t - 30. Suppose -3*f = 6, -s*j = -j + f + 158. Let i = 34 + j. What is l(i)?
-7
Let d(c) be the third derivative of c**4/24 + c**3 - 196*c**2. Give d(6).
12
Let f = -15665 - -15663. Let r(h) = -13*h**2 - h - 4. Determine r(f).
-54
Let l(j) = 3*j**3 + j**2 + 8*j + 6. Let r(x) = -7*x**3 - x**2 - 17*x - 12. Let n = -334 - -330. Let v(a) = n*r(a) - 9*l(a). What is v(6)?
6
Let i(d) = -3*d**2 + 2*d. Let m(t) = t**2 + t + 1. Let g(q) = i(q) + 2*m(q). Let u be (0 - 17 - 3)*(0 - -2). Let c = u + 44. Calculate g(c).
2
Let b(v) be the first derivative of 21*v**2/2 - 837. Give b(-1).
-21
Let t be 3*(-16)/6*13/26. Let f(s) be the second derivative of -s**3/6 - 3*s**2/2 - 2*s. What is f(t)?
1
Let k(s) be the second derivative of 3*s**5/20 + 41*s**4/12 - 5*s**3/2 + 3*s**2 - 40*s - 80. Give k(-14).
20
Suppose -5*f = c + 75, 13 = -3*f + 2*c - 19. Let u(t) = -4*t - 60. Determine u(f).
-4
Let h(k) = 88 - 342 - 26 - 40*k. Determine h(-7).
0
Let z(x) = 2*x**2 - 26*x + 22. Suppose 76*m - 1211 = -299. Determine z(m).
-2
Let x(v) = -4*v**3 - 4*v**2 + 4*v - 10. Let n be (18/(-15))/(20/50). Let o(k) = -5*k**3 - 3*k**2 + 3*k - 10. Let g(l) = n*o(l) + 4*x(l). What is g(-8)?
-2
Let g(o) = o**2 - 3*o + 64. Let w(l) = -2*l**2 + 10*l - 124. Let n(r) = -7*g(r) - 4*w(r). What is n(12)?
-36
Let f(b) = 49*b - 1173. Let z be f(23). Let u(j) = -j**3 - 46*j**2 + 6. Determine u(z).
6
Suppose -2061 = -10*u - 1001 - 990. Let v(w) = 3*w**2 - 23*w + 26. What is v(u)?
12
Let c(s) = 4 + s + 14 + 4 + 0. Let o(u) = -2*u - 3 - u**2 + 26 - 23. Let v be o(0). What is c(v)?
22
Let g(s) = 17*s + 106. Let w be g(-6). Suppose p - 8 = -5*f, 6*p - w*p - 16 = 3*f. Let i(x) = 3*x - 26. Give i(p).
-2
Suppose -7*z + 75 = -2*z. Let u = 477 - 472. Let f(j) = u*j + 15 - 1 - z. Determine f(1).
4
Let g = 6132 - 6138. Let i(v) = v**3 + 8*v**2 + 20*v + 40. Give i(g).
-8
Let r(v) = -14*v**2 + 47*v**2 + v**3 + v - 9 + 39. What is r(-33)?
-3
Let w(i) be the third derivative of 17*i**5/60 - 29*i**4/24 - 5*i**3 + 3*i**2 - 22. Determine w(-1).
16
Let b(n) = -3*n**2 + 2*n + 1. Suppose 3*d - 42 = -9*x + 4*x, -4*d + 3*x = 2. What is b(d)?
-39
Let x(u) = u**2 - u - 2. Let b(d) = 2*d**3 + d**2 - 5*d - 10. Let j(t) = -t**3 + 2*t + 4. Let o(g) = -2*b(g) - 5*j(g). Let i(f) = -o(f) - x(f). Calculate i(3).
-13
Let l = 5192 - 5176. Let y(n) = -4*n + 69. What is y(l)?
5
Let b(r) = -29*r**2 - 41*r - 37. Let n(k) = 11*k**2 + 14*k + 13. Let y(l) = -3*b(l) - 8*n(l). Give y(11).
7
Let d(m) = 4*m**3 + 33*m**2 + 6*m - 14. Let f be d(-8). Let y(g) = 807*g**3 - 3*g - 400*g**3 + 3*g**f - 2 - 406*g**3. Determine y(-4).
-6
Let f(j) be the first derivative of 1/2*j**2 + 13*j + 135. Give f(-3).
10
Suppose 0 = 8*g - 909 + 949. Let a(s) = s**2 + 10*s - 11. Calculate a(g).
-36
Let x(r) = -204*r - 1222. Let v be x(-6). Let l(t) = -t**3 - t**2 + 2*t - 1. Give l(v).
-9
Let r(m) = 19*m**2 + 5*m - 165. Let k(h) = 3*h**2 + h - 1. Let n(v) = -6*k(v) + r(v). Give n(0).
-159
Let w be (28/14)/(21/(-35)*(-2)/(-3)). Let j(h) = 12*h + 39. What is j(w)?
-21
Let x(s) be the second derivative of s**5/20 - 7*s**4/12 + 4*s**3/3 + 3*s**2 + s. Suppose 57 = -2*i + 8*y + 93, i + 3 = -3*y. Determine x(i).
18
Let t(z) = -5*z - 4. Let b(w) = 2*w + 1. Let r(n) = 11*b(n) + 4*t(n). Let o be ((-4)/5 - (-216)/(-180)) + (-4 - -1). Calculate r(o).
-15
Let i(p) = p**2 + 13*p + 21. Let m be i(-11). Let r be (23 + -11)*m/(-3). Let g(z) = z**3 - 4*z**2 + 1. Determine g(r).
1
Let s(w) = -5*w**3 + 37*w**2 + 64*w - 60. Let y(d) = -3*d**3 + 19*d**2 + 39*d - 30. Let v(h) = 4*s(h) - 7*y(h). Determine v(-16).
-14
Let c(u) = 2*u**2 + 2*u - 6. Suppose 4*b - 3*n - 19 = 0, 0 = 37*b - 32*b + 4*n - 16. Determine c(b).
34
Suppose 45*g - 85 = 28*g. Let w(z) = -6*z**2 + 13*z - 8. Determine w(g).
-93
Suppose 4*d = 6*d - 44. Suppose -2*b + k = -d, 20 = -5*k - 0*k. Suppose -6*q + 48 = -4*n - b*q, 0 = 5*n - 2*q + 37. Let p(x) = -x**3 - 9*x**2 + 4. Give p(n).
4
Let w(s) be the first derivative of 4*s - 1/3*s**3 - 35 - 1/2*s**2. Suppose 5*i + 9 = -6. Calculate w(i).
-2
Let r(a) = a - 1. Let w = 453 + -454. Let c(y) = 17*y. Let p(h) = w*c(h) + 2*r(h). Give p(-2).
28
Let x(r) be the third derivative of 0 - 1/6*r**5 - 11/24*r**4 + 3/2*r**3 + 1/120*r**6 - r**2 + 16*r. Determine x(11).
9
Let g(n) = 3*n - 45. Suppose -16*t + t - 25*t = -480. Determine g(t).
-9
Suppose -6*t - t + 4*w = -77, 2*t = 3*w + 22. Let o(y) = -y**2 + 6*y + 59. What is o(t)?
4
Suppose -3*m = 2*m - 50. Let v(l) = -2*l - l**3 - 11 - l - 1485*l**2 + l + 1494*l**2 + 10*l. Calculate v(m).
-31
Let p(w) be the second derivative of -1/2*w**2 + 0 - 3*w - 1/6*w**3 - 2/3*w**4. Let a = -651 - -650. What is p(a)?
-8
Let w(d) = d**2 + 19*d + 22. Let r be w(-18). Suppose 5*b + 4 = r*n, 3*b = 4*b + 5*n - 5. Let s(p) = -p**3 - p + 3. Determine s(b).
3
Let i = -618 + 621. Let b(d) = -6 + 0*d**3 - 2*d**3 + 3 + 6 + i*d**2 - 2*d + 3*d**3. Determine b(-4).
-5
Let f = 30108 + -30118. Let q(u) = u - 34. Calculate q(f).
-44
Let q(t) = -t**2 - 6*t + 7. Let v be q(-6). Let g(c) = 16*c + 5. Suppose 132 = 13*w + 353. Let d(p) = -45*p - 14. Let j(i) = w*g(i) - 6*d(i). Give j(v).
-15
Let o(j) be the first derivative of j**2/2 - 7*j - 975. Calculate o(-7).
-14
Let c(v) = 3*v**2 - 8*v - 54. Let w(a) = -2*a**2 + 7*a + 29. Let x(g) = -3*c(g) - 5*w(g). What is x(8)?
-7
Let p(s) = -3*s**2 + 6*s - 3. Let u = 377 - 383. Let j be (-9)/(u - -9) + 5. Calculate p(j).
-3
Let q(g) = 22*g + 0 - 1324*g**2 + 1317*g**2 + 2. Let w(i) = -3*i**2 + 11*i + 1. Let r(z) = -2*q(z) + 5*w(z). Determine r(12).
-11
Let v(g) = -g - 3. Suppose 1 = -b, 2*i + 4*b = 7*i - 39. Suppose 3*r = -i + 22. Let m(z) = -3*z - 7. Let h(n) = r*v(n) - 2*m(n). What is h(4)?
3
Let j(k) be the first derivative of -k**4/4 - 3*k**3 + 19*k**2/2 - 24*k + 3497. Calculate j(-11).
9
Let c(y) = 1 + 15 + 7*y**2 - 2 - 4*y**2 - 4*y**2 - 8*y. Determine c(-13).
-51
Let w(l) = 9*l - 1. Let k = -578 + 571. Let i(x) = -3*x - 20. Let o be i(k). Give w(o).
8
Suppose -14 = 2*i + 4*v, -2*v - 2*v = -i + 23. Let g(f) = -24208*f + 24210*f + 2 + i. Determine g(-2).
1
Suppose 3*g = -2*g - 5, 0 = 4*b + g + 21. Let n(w) = w**2 + 9*w + 19. Let z be n(b). Let i(x) = 8*x - 1. Calculate i(z).
-9
Let u(j) = -20*j + 3 + 19*j + 28 - 9. Give u(7).
15
Let d(y) = -y**2 - 4*y + 17. Suppose 2*q - 5*n + 12 = -0*n, -7*q = -n + 42. Calculate d(q).
5
Suppose -l - 413 + 5528 = -156*l. Let h(q) = -q**3 - 32*q**2 + 34*q + 23. Give h(l).
-10
Let g(b) = b**3 - 5*b**2 - 11*b + 28. Let r be g(6). Let c(z) = -z - 4. Let u(k) = -5*k - 19. Let s(y) = r*u(y) + 11*c(y). Give s(3).
-9
Let u(j) = j**2 - 3. Let l be u(-3). Let p(g) be the second derivative of -g**3/6 + 9*g**2/2 + 3033*g. Determine p(l).
3
Let m(f) be the third derivative of -f**5/60 + 5*f**4/12 - f**3/6 + 251*f**2 + 1. Give m(7).
20
Let f be 2/(-1)*11 - (-17 - (-50 - -27)). Let z(k) = k**3 + 30*k**2 + 55*k - 4. What is z(f)?
24
Let v(u) = -3*u + 1. Let b(f) = -50*f - 220. Let h(s) = b(s) - 6*v(s). Let g be h(-7). Le